868?
2, 7, 20769781
What are the prime factors of 986293375?
5, 7890347
List the prime factors of 316534560.
2, 3, 5, 17, 38791
What are the prime factors of 1174368280?
2, 5, 29359207
List the prime factors of 4211708344.
2, 457, 1151999
List the prime factors of 20397355.
5, 11, 19, 131, 149
What are the prime factors of 785202882?
2, 3, 67, 149, 13109
List the prime factors of 960270968.
2, 29, 311, 13309
List the prime factors of 600980515.
5, 17, 53, 133403
What are the prime factors of 70514197?
13, 1217, 4457
List the prime factors of 613548615.
3, 5, 17, 37, 65029
What are the prime factors of 53314331?
7, 7616333
List the prime factors of 64678072.
2, 37, 353, 619
List the prime factors of 167246682.
2, 3, 479, 58193
What are the prime factors of 2196689216?
2, 29, 1183561
List the prime factors of 670790586.
2, 3, 31, 41, 87961
What are the prime factors of 344256244?
2, 9011, 9551
List the prime factors of 71930875.
5, 29, 19843
List the prime factors of 244947445.
5, 48989489
What are the prime factors of 280449176?
2, 7, 5008021
List the prime factors of 31495271.
17, 1852663
What are the prime factors of 520718210?
2, 5, 52071821
List the prime factors of 69902271.
3, 862991
What are the prime factors of 13037622?
2, 3, 13, 167149
List the prime factors of 630743512.
2, 7, 59, 349, 547
What are the prime factors of 44947102?
2, 1453, 15467
List the prime factors of 611552511.
3, 61, 41257
List the prime factors of 16211402.
2, 37, 73, 3001
List the prime factors of 13504687.
7, 19, 59, 1721
List the prime factors of 2278089873.
3, 19, 4440721
What are the prime factors of 5034051074?
2, 13, 193617349
List the prime factors of 520608457.
433, 1202329
List the prime factors of 183228433.
6553, 27961
What are the prime factors of 43786532?
2, 61, 179453
What are the prime factors of 98381435?
5, 563, 34949
List the prime factors of 66211407.
3, 7356823
List the prime factors of 24516990.
2, 3, 5, 272411
List the prime factors of 262697918.
2, 7, 89, 30119
List the prime factors of 264971212.
2, 11, 6022073
List the prime factors of 505546988.
2, 137, 922531
What are the prime factors of 35129127?
3, 11, 1064519
What are the prime factors of 5365645848?
2, 3, 24840953
List the prime factors of 1289243477.
839, 1536643
What are the prime factors of 851529939?
3, 13, 137, 197, 809
List the prime factors of 47096222.
2, 17, 1385183
What are the prime factors of 266016372?
2, 3, 89, 249079
What are the prime factors of 1038234267?
3, 7, 41, 14887
What are the prime factors of 156555276?
2, 3, 641, 20353
List the prime factors of 2784121755.
3, 5, 239, 269, 2887
What are the prime factors of 316438167?
3, 151, 698539
List the prime factors of 117055719.
3, 11, 73, 5399
List the prime factors of 1311471081.
3, 16191001
What are the prime factors of 184265602?
2, 151, 181, 3371
List the prime factors of 94797300.
2, 3, 5, 13, 109, 223
What are the prime factors of 53458484?
2, 29, 59, 73, 107
List the prime factors of 4861149424.
2, 73, 4161943
List the prime factors of 6221544914.
2, 13, 13249, 18061
List the prime factors of 1368490748.
2, 373, 917219
List the prime factors of 576664354.
2, 7, 61, 675251
List the prime factors of 548603570.
2, 5, 191, 349, 823
List the prime factors of 128830192.
2, 683, 11789
What are the prime factors of 19099820?
2, 5, 954991
List the prime factors of 399116531.
11, 17, 29, 73597
What are the prime factors of 1067029615?
5, 213405923
List the prime factors of 10784925.
3, 5, 47933
What are the prime factors of 1958606803?
37, 919, 57601
List the prime factors of 5707440291.
3, 7, 37, 7345483
What are the prime factors of 721491492?
2, 3, 17, 71, 109, 457
What are the prime factors of 262099458?
2, 3, 151, 96431
What are the prime factors of 10221372?
2, 3, 7, 47, 863
List the prime factors of 50969526.
2, 3, 47, 61, 2963
List the prime factors of 2506746624.
2, 3, 3263993
What are the prime factors of 92513392?
2, 193, 29959
What are the prime factors of 616014724?
2, 13, 11846437
What are the prime factors of 573463793?
7, 1283, 63853
What are the prime factors of 1667337618?
2, 3, 5179, 53657
List the prime factors of 138679160.
2, 5, 29, 119551
What are the prime factors of 2155454128?
2, 134715883
List the prime factors of 315132046.
2, 191, 409, 2017
What are the prime factors of 136411920?
2, 3, 5, 41, 4621
What are the prime factors of 15441062?
2, 7, 13, 37, 2293
List the prime factors of 402486939.
3, 491, 91081
List the prime factors of 779467332.
2, 3, 7, 23, 103, 3917
What are the prime factors of 412498098?
2, 3, 17, 1348033
List the prime factors of 431138793.
3, 31, 263, 17627
List the prime factors of 88990985.
5, 4177, 4261
List the prime factors of 4966384575.
3, 5, 66218461
What are the prime factors of 2005525719?
3, 43, 239, 21683
What are the prime factors of 97031653?
71, 1366643
What are the prime factors of 235219470?
2, 3, 5, 7840649
List the prime factors of 35516207.
35516207
What are the prime factors of 1952850403?
7, 593, 470453
List the prime factors of 1481386836.
2, 3, 2273, 54311
What are the prime factors of 3254732123?
103, 31599341
What are the prime factors of 505937145?
3, 5, 7, 821, 5869
List the prime factors of 4198637203.
17, 881, 280339
List the prime factors of 440493253.
2917, 151009
List the prime factors of 5847914687.
5847914687
List the prime factors of 1140709339.
7, 11, 41, 361327
List the prime factors of 982570301.
17, 719, 80387
List the prime factors of 3591251520.
2, 3, 5, 79, 47353
List the prime factors of 58998058.
2, 7, 17, 5059
List the prime factors of 2410918025.
5, 97, 994193
What are the prime factors of 88755364?
2, 47, 472103
What are the prime factors of 374017708?
2, 7727, 12101
List the prime factors of 1073240649.
3, 13, 61, 150377
List the prime factors of 4264713.
3, 473857
List the prime factors of 613299425.
5, 131, 401, 467
List the prime factors of 299426159.
547, 547397
List the prime factors of 19011346.
2, 113, 84121
What are the prime factors of 846431688?
2, 3, 31, 1137677
List the prime factors of 27526248.
2, 3, 443, 863
What are the prime factors of 97396973?
23, 4234651
List the prime factors of 69166968.
2, 3, 13, 17053
What are the prime factors of 157364453?
157364453
What are the prime factors of 294597839?
3797, 77587
What are the prime factors of 671585096?
2, 7, 13, 19, 23, 2111
List the prime factors of 7142628888.
2, 3, 37, 2681167
List the prime factors of 275010616.
2, 41, 838447
List the prime factors of 5648001214.
2, 2824000607
What are the prime factors of 60983020?
2, 5, 7, 435593
List the prime factors of 1194742826.
2, 597371413
List the prime factors of 5696556880.
2, 5, 7, 541, 18803
List the prime factors of 14367656.
2, 1795957
What are the prime factors of 709059231?
3, 37, 709769
List the prime factors of 87746189.
83, 1057183
What are the prime factors of 290163231?
3, 19, 1696861
What are the prime factors of 2619082698?
2, 3, 307, 431, 3299
What are the prime factors of 25078515?
3, 5, 7, 11, 21713
What are the prime factors of 100978649?
97, 643, 1619
List the prime factors of 15783600.
2, 3, 5, 7, 1879
What are the prime factors of 5589310051?
13, 1777, 241951
What are the prime factors of 677928458?
2, 7109, 47681
List the prime factors of 1467704932.
2, 19, 101, 367, 521
List the prime factors of 175643408.
2, 1153, 9521
What are the prime factors of 912228691?
11, 23, 3605647
List the prime factors of 1285730155.
5, 397, 647723
List the prime factors of 2160692610.
2, 3, 5, 1229, 58603
What are the prime factors of 30604200?
2, 3, 5, 11, 4637
What are the prime factors of 19256871?
3, 373, 17209
List the prime factors of 3008268696.
2, 3, 125344529
What are the prime factors of 176579734?
2, 88289867
What are the prime factors of 23073364?
2, 223, 25867
List the prime factors of 36207504.
2, 3, 31, 8111
What are the prime factors of 6211746913?
6211746913
List the prime factors of 268113490.
2, 5, 167, 181, 887
What are the prime factors of 56625951?
3, 29, 650873
What are the prime factors of 148772916?
2, 3, 17, 81031
List the prime factors of 4146009493.
227, 461, 39619
What are the prime factors of 82477048?
2, 10309631
What are the prime factors of 1277021176?
2, 159627647
W